{"id":2008,"date":"2025-11-25T15:30:30","date_gmt":"2025-11-25T14:30:30","guid":{"rendered":"https:\/\/practicalsense.net\/?page_id=2008"},"modified":"2025-12-03T09:32:56","modified_gmt":"2025-12-03T08:32:56","slug":"recent-books-list-no-3","status":"publish","type":"page","link":"https:\/\/practicalsense.net\/index.php\/recent-books-list-no-3\/","title":{"rendered":"Recent Books\u2019 List"},"content":{"rendered":"\t\t<div data-elementor-type=\"wp-page\" data-elementor-id=\"2008\" class=\"elementor elementor-2008\">\n\t\t\t\t<div class=\"elementor-element elementor-element-cc9e998 e-flex e-con-boxed e-con e-parent\" data-id=\"cc9e998\" data-element_type=\"container\">\n\t\t\t\t\t<div class=\"e-con-inner\">\n\t\t<div class=\"elementor-element elementor-element-2dc7e21 e-con-full e-flex e-con e-child\" data-id=\"2dc7e21\" data-element_type=\"container\">\n\t\t\t\t<div class=\"elementor-element elementor-element-cb25d56 elementor-widget elementor-widget-text-editor\" data-id=\"cb25d56\" data-element_type=\"widget\" data-widget_type=\"text-editor.default\">\n\t\t\t\t<div class=\"elementor-widget-container\">\n\t\t\t\t\t\t\t\t\t<p class=\"has-text-align-center has-text-color has-link-color\" style=\"color: #740000; text-align: left;\"><span style=\"color: #9a3936;\">Inspired by\/ About Pierre Bourdieu\u2019s Work<\/span><\/p>\n<p><span style=\"color: #9a3936;\"><!-- \/wp:paragraph --><!-- wp:paragraph {\"align\":\"center\",\"style\":{\"color\":{\"text\":\"#740000\"},\"elements\":{\"link\":{\"color\":{\"text\":\"#740000\"}}}}} --><\/span><\/p>\n<p><span style=\"color: #9a3936;\"><!-- \/wp:paragraph --><!-- wp:paragraph {\"align\":\"center\",\"style\":{\"color\":{\"text\":\"#001248\"},\"elements\":{\"link\":{\"color\":{\"text\":\"#001248\"}}}}} --><\/span><\/p>\n<ul>\n<li style=\"text-align: justify;\"><span style=\"color: #001248;\">Anheim, \u00c9., Pasquali, P. (2025) <em>Bourdieu et Panofsky. Essai d\u2019arch\u00e9ologie intellectuelle<\/em> [Bourdieu and Panofsky. An Attempt at Intellectual Archaelogy]. Paris: Minuit<\/span><\/li>\n<li style=\"text-align: justify;\"><span style=\"color: #001248;\">Broca, S. (2025) <em>Pris dans la toile. De l\u2019utopie d\u2019Internet au capitalisme num\u00e9rique<\/em> [Caught in the web. From the Utopia of the Internet to Digital Capitalism]. Paris: Seuil.<\/span><\/li>\n<li style=\"text-align: justify;\"><span style=\"color: #001248;\">De Montlibert, C. (2025) <em>Parcours sociologiques. D\u2019\u00c9mile Durkheim \u00e0 Pierre Bourdieu<\/em>. [Sociological Journeys. From \u00c9mile Durkheim to Pierre Bourdieu]. Paris: L\u2019Harmattan.<\/span><\/li>\n<li style=\"text-align: justify;\"><span style=\"color: #001248;\">Diaz-Bone, R., Lehmann-Wermser, A. (2025) <em>Perspectives on Music after Bourdieu. Contributions from Music Education and Sociology of Music<\/em>. Wiesbaden: Springer VS.<\/span><\/li>\n<li style=\"text-align: justify;\"><span style=\"color: #001248;\">Duros, M. (2025) <em>Immobilier hors sol. Comment la finance s\u2019empare de nos villes<\/em> [Groundless Real Estate. How Finance Is Taking Over Our Cities]. Paris: Raisons d\u2019agir.<\/span><\/li>\n<li style=\"text-align: justify;\"><span style=\"color: #001248;\">Gebauer, G. (2025) <em>Geschmack und seine feinen Unterschiede. Gemeinschaft und Differenz bei Kant und Bourdieu<\/em> [Taste And Its Subtle Differences. Community And Difference In Kant and Bourdieu]. Bielefeld: Transcript.<\/span><\/li>\n<li style=\"text-align: justify;\"><span style=\"color: #001248;\">Hussain, W., Reichstein, S. (2025) <em>Habitus.<\/em> Baden: editionR.<\/span><\/li>\n<li><span style=\"color: #001248;\">No\u00ebl, S. (2025) <i>Le petit commerce de l\u2019ind\u00e9pendance. Une sociologie de la librairie au d\u00e9but du XXI<\/i><i>e<\/i><i> si\u00e8cle <\/i>[The Small Business of Independence. A Sociological Study of Bookshops at the Beginning of the 21st Century]. Rennes: Presses universitaires de Rennes.<\/span><\/li>\n<li style=\"text-align: justify;\"><span style=\"color: #001248;\">Pliskin, F. (2025) <em>Le fou de Bourdieu<\/em> [Bourdieu\u2019s Fool]. Paris: Cherche Midi.<\/span><\/li>\n<li style=\"text-align: justify;\"><span style=\"color: #001248;\">Podalyd\u00e8s, D. (2025) <em>L\u2019ami de la famille. Souvenirs de Pierre Bourdieu<\/em> [Friend of the Family. Memories of Pierre Bourdieu]. Paris: Julliard.<\/span><\/li>\n<li style=\"text-align: justify;\"><span style=\"color: #001248;\">Schultheis, F. (2025) <em>Forschen mit Bourdieu: Werkstattbesuche 1958-2002<\/em> [Research with Bourdieu: Workshop visits]. Bielefeld: Transcript.<\/span><\/li>\n<li style=\"text-align: justify;\"><span style=\"color: #001248;\">Wacquant, L. (2025) <em>The Poverty of the Ethnography of Poverty<\/em>. Oxford: Oxford University Press.<\/span><\/li>\n<\/ul>\n<p style=\"text-align: justify;\">\u00a0<\/p>\n<p style=\"text-align: justify;\"><span style=\"color: #9a3936;\">Editions\/ Translations of Pierre Bourdieu\u2019s Work<\/span><\/p>\n<p><span style=\"color: #9a3936;\"><!-- \/wp:paragraph --><!-- wp:paragraph {\"align\":\"center\",\"style\":{\"color\":{\"text\":\"#001248\"},\"elements\":{\"link\":{\"color\":{\"text\":\"#001248\"}}}}} --><\/span><\/p>\n<ul>\n<li style=\"text-align: justify;\"><span style=\"color: #001248;\">Bourdieu, P. (2025) <em>Imperialisms. The International Circulation of Ideas and the Struggle for the Universal<\/em>. Cambridge: Polity. Translated to English by Collier, P.<\/span><\/li>\n<li style=\"text-align: justify;\"><span style=\"color: #001248;\">Bourdieu, P. (2025) <em>Microcosmos: Teoria dos Campos<\/em>. S\u00e3o Paulo: Edusp. Translated to Portuguese by Miceli, S. and Marques, C.<\/span><\/li>\n<li style=\"text-align: justify;\"><span style=\"color: #001248;\">Bourdieu, P. (2025) <em>Imperialismi. Circolazione internazionale delle idee e lotte per l\u2019universale<\/em>. Roma: Quodlibet. Translated to Italian by Boschetti, A.<\/span><\/li>\n<li style=\"text-align: justify;\"><span style=\"color: #001248;\">Bourdieu, P. (2025) <em>\u201c\u00dcbrigens\u2026\u201d Gespr\u00e4che \u00fcber das Verh\u00e4ltnis zu Max Weber und Jean Paul Sartre \u2013 \u00fcber \u201cSprechende Turbane\u201d und eigene Forschungen von Algerien bis in die Pariser Banlieues<\/em>. Gef\u00fchrt und herausgegeben von Franz Schultheis. Vienna: Turia + Kant. Edited by Schultheis, F.<\/span><\/li>\n<li style=\"text-align: justify;\"><span style=\"color: #001248;\">Bourdieu, P. (2025) <em>Sociologia Geral. Vol. 5: Pol\u00edtica e sociologia. Curso No College De France (1985-1986),<\/em> Editora Vozes. Translated to Portuguese by Ribeiro, F.<\/span><\/li>\n<li style=\"text-align: justify;\"><span style=\"color: #001248;\">Bourdieu, P., de Saint-Martin, M. (2025), <em>La sainte <span style=\"color: #001248;\">famille. L\u2019\u00e9piscopat fran\u00e7ais dans le champ du pouvoir<\/span><\/em> [The Holy Family. The French Episcopate in the Field of Power]. Paris: Raisons d\u2019agir.<\/span><\/li>\n<\/ul>\n<p>\u00a0<\/p>\n<p><span style=\"color: #9a3936;\">Other Publications<\/span><\/p>\n<ul>\n<li><span style=\"color: #001248;\">Wacquant, L. (2024) \u201cIn Praise of \u2018Thick Construction.\u2019\u201d <em>Qualitative Sociology<\/em>, 48, pp. 335-345. See the symposium with the response: \u201cCatching the \u2018Epistemological Virus\u2019: A Response to the Critics of Thick Construction.\u201d<\/span><\/li>\n<\/ul>\t\t\t\t\t\t\t\t<\/div>\n\t\t\t\t<\/div>\n\t\t\t\t<\/div>\n\t\t\t\t\t<\/div>\n\t\t\t\t<\/div>\n\t\t\t\t<\/div>\n\t\t","protected":false},"excerpt":{"rendered":"<p>Inspired by\/ About Pierre Bourdieu\u2019s Work Anheim, \u00c9., Pasquali, P. (2025) Bourdieu et Panofsky. Essai d\u2019arch\u00e9ologie intellectuelle [Bourdieu and Panofsky. An Attempt at Intellectual Archaelogy]. Paris: Minuit Broca, S. (2025) [&hellip;]<\/p>\n","protected":false},"author":1,"featured_media":0,"parent":0,"menu_order":0,"comment_status":"closed","ping_status":"closed","template":"","meta":{"_EventAllDay":false,"_EventTimezone":"","_EventStartDate":"","_EventEndDate":"","_EventStartDateUTC":"","_EventEndDateUTC":"","_EventShowMap":false,"_EventShowMapLink":false,"_EventURL":"","_EventCost":"","_EventCostDescription":"","_EventCurrencySymbol":"","_EventCurrencyCode":"","_EventCurrencyPosition":"","_EventDateTimeSeparator":"","_EventTimeRangeSeparator":"","_EventOrganizerID":[],"_EventVenueID":[],"_OrganizerEmail":"","_OrganizerPhone":"","_OrganizerWebsite":"","_VenueAddress":"","_VenueCity":"","_VenueCountry":"","_VenueProvince":"","_VenueState":"","_VenueZip":"","_VenuePhone":"","_VenueURL":"","_VenueStateProvince":"","_VenueLat":"","_VenueLng":"","_VenueShowMap":false,"_VenueShowMapLink":false,"footnotes":""},"class_list":["post-2008","page","type-page","status-publish","hentry"],"_links":{"self":[{"href":"https:\/\/practicalsense.net\/index.php\/wp-json\/wp\/v2\/pages\/2008","targetHints":{"allow":["GET"]}}],"collection":[{"href":"https:\/\/practicalsense.net\/index.php\/wp-json\/wp\/v2\/pages"}],"about":[{"href":"https:\/\/practicalsense.net\/index.php\/wp-json\/wp\/v2\/types\/page"}],"author":[{"embeddable":true,"href":"https:\/\/practicalsense.net\/index.php\/wp-json\/wp\/v2\/users\/1"}],"replies":[{"embeddable":true,"href":"https:\/\/practicalsense.net\/index.php\/wp-json\/wp\/v2\/comments?post=2008"}],"version-history":[{"count":37,"href":"https:\/\/practicalsense.net\/index.php\/wp-json\/wp\/v2\/pages\/2008\/revisions"}],"predecessor-version":[{"id":2534,"href":"https:\/\/practicalsense.net\/index.php\/wp-json\/wp\/v2\/pages\/2008\/revisions\/2534"}],"wp:attachment":[{"href":"https:\/\/practicalsense.net\/index.php\/wp-json\/wp\/v2\/media?parent=2008"}],"curies":[{"name":"wp","href":"https:\/\/api.w.org\/{rel}","templated":true}]}}