{"id":2102,"date":"2025-11-26T09:24:37","date_gmt":"2025-11-26T08:24:37","guid":{"rendered":"https:\/\/practicalsense.net\/?page_id=2102"},"modified":"2025-12-01T12:42:50","modified_gmt":"2025-12-01T11:42:50","slug":"authors-affiliations-no-3","status":"publish","type":"page","link":"https:\/\/practicalsense.net\/index.php\/authors-affiliations-no-3\/","title":{"rendered":"Authors&#8217; Affiliations"},"content":{"rendered":"\t\t<div data-elementor-type=\"wp-page\" data-elementor-id=\"2102\" class=\"elementor elementor-2102\">\n\t\t\t\t<div class=\"elementor-element elementor-element-750b39f e-flex e-con-boxed e-con e-parent\" data-id=\"750b39f\" data-element_type=\"container\">\n\t\t\t\t\t<div class=\"e-con-inner\">\n\t\t<div class=\"elementor-element elementor-element-8ba9397 e-con-full e-flex e-con e-child\" data-id=\"8ba9397\" data-element_type=\"container\">\n\t\t\t\t<div class=\"elementor-element elementor-element-14799d3 elementor-widget elementor-widget-text-editor\" data-id=\"14799d3\" data-element_type=\"widget\" data-widget_type=\"text-editor.default\">\n\t\t\t\t<div class=\"elementor-widget-container\">\n\t\t\t\t\t\t\t\t\t<p><span style=\"color: #001248;\"><\/span><\/p>\n<p style=\"text-align: justify;\"><span style=\"color: #001248;\"><strong>Tangi Audinet<\/strong> is PhD Candidate at <em>\u00c9cole des Hautes \u00c9tudes en Sciences Sociales<\/em>, France<\/span><\/p>\n<p style=\"text-align: justify;\"><span style=\"color: #001248;\"><strong>Anna Boschetti<\/strong> is Professor Emeritus at <em>Universit\u00e0 Ca\u2019 Foscari Venezia<\/em>, Italy<\/span><\/p>\n<p style=\"text-align: justify;\"><span style=\"color: #001248;\"><strong>Raoul Galli<\/strong> is Doctor at <em>Stockholms Universitet<\/em>, Sweden<\/span><\/p>\n<p style=\"text-align: justify;\"><span style=\"color: #001248;\"><strong>Yves Gingras<\/strong> is Professor at <em>Universit\u00e9 du Qu\u00e9bec \u00e0 Montr\u00e9al<\/em>, Canada<\/span><\/p>\n<p style=\"text-align: justify;\"><span style=\"color: #001248;\"><strong>Charlotte H\u00fcser<\/strong> is PhD Candidate at <em>Zeppelin Universit\u00e4t<\/em>, Germany<\/span><\/p>\n<p style=\"text-align: justify;\"><span style=\"color: #001248;\"><strong>Mikael Palme<\/strong> is Associate Professor at <em>Uppsala Universitet<\/em>, Sweden<\/span><\/p>\n<p style=\"text-align: justify;\"><span style=\"color: #001248;\"><strong>Flora Petrik<\/strong> is PhD Candidate at <em>Universit\u00e4t T\u00fcbingen<\/em>, Germany<\/span><\/p>\n<p style=\"text-align: justify;\"><span style=\"color: #001248;\"><strong>Annick Prieur<\/strong> is Professor at <em>Aalborg Universitet<\/em>, Denmark <\/span><\/p>\n<p style=\"text-align: justify;\"><span style=\"color: #001248;\"><strong>Lilli Kim Schreiber<\/strong> is Student Research Assistant at <em>Zeppelin Universit\u00e4t<\/em>, Germany<\/span><\/p>\n<p style=\"text-align: justify;\"><span style=\"color: #001248;\"><strong>Franz Schultheis<\/strong> is Senior Professor at <em>Zeppelin Universit\u00e4t<\/em>, Germany<\/span><\/p>\n<p style=\"text-align: justify;\"><span style=\"color: #001248;\"><strong>Gustavo Sor\u00e1<\/strong> is Professor at <em>Universidad de C\u00f3rdoba<\/em>, Argentina<\/span><\/p>\n<p style=\"text-align: justify;\"><span style=\"color: #001248;\"><strong>Lo\u00efc Wacquant<\/strong> is Professor at<em> University of California<\/em>, Berkeley, United States of America<\/span><\/p>\n<p><span style=\"color: #001248;\"><\/span><\/p>\t\t\t\t\t\t\t\t<\/div>\n\t\t\t\t<\/div>\n\t\t\t\t<\/div>\n\t\t\t\t\t<\/div>\n\t\t\t\t<\/div>\n\t\t\t\t<\/div>\n\t\t","protected":false},"excerpt":{"rendered":"<p>Tangi Audinet is PhD Candidate at \u00c9cole des Hautes \u00c9tudes en Sciences Sociales, France Anna Boschetti is Professor Emeritus at Universit\u00e0 Ca\u2019 Foscari Venezia, Italy Raoul Galli is Doctor at [&hellip;]<\/p>\n","protected":false},"author":1,"featured_media":0,"parent":0,"menu_order":0,"comment_status":"closed","ping_status":"closed","template":"","meta":{"_EventAllDay":false,"_EventTimezone":"","_EventStartDate":"","_EventEndDate":"","_EventStartDateUTC":"","_EventEndDateUTC":"","_EventShowMap":false,"_EventShowMapLink":false,"_EventURL":"","_EventCost":"","_EventCostDescription":"","_EventCurrencySymbol":"","_EventCurrencyCode":"","_EventCurrencyPosition":"","_EventDateTimeSeparator":"","_EventTimeRangeSeparator":"","_EventOrganizerID":[],"_EventVenueID":[],"_OrganizerEmail":"","_OrganizerPhone":"","_OrganizerWebsite":"","_VenueAddress":"","_VenueCity":"","_VenueCountry":"","_VenueProvince":"","_VenueState":"","_VenueZip":"","_VenuePhone":"","_VenueURL":"","_VenueStateProvince":"","_VenueLat":"","_VenueLng":"","_VenueShowMap":false,"_VenueShowMapLink":false,"footnotes":""},"class_list":["post-2102","page","type-page","status-publish","hentry"],"_links":{"self":[{"href":"https:\/\/practicalsense.net\/index.php\/wp-json\/wp\/v2\/pages\/2102","targetHints":{"allow":["GET"]}}],"collection":[{"href":"https:\/\/practicalsense.net\/index.php\/wp-json\/wp\/v2\/pages"}],"about":[{"href":"https:\/\/practicalsense.net\/index.php\/wp-json\/wp\/v2\/types\/page"}],"author":[{"embeddable":true,"href":"https:\/\/practicalsense.net\/index.php\/wp-json\/wp\/v2\/users\/1"}],"replies":[{"embeddable":true,"href":"https:\/\/practicalsense.net\/index.php\/wp-json\/wp\/v2\/comments?post=2102"}],"version-history":[{"count":10,"href":"https:\/\/practicalsense.net\/index.php\/wp-json\/wp\/v2\/pages\/2102\/revisions"}],"predecessor-version":[{"id":2420,"href":"https:\/\/practicalsense.net\/index.php\/wp-json\/wp\/v2\/pages\/2102\/revisions\/2420"}],"wp:attachment":[{"href":"https:\/\/practicalsense.net\/index.php\/wp-json\/wp\/v2\/media?parent=2102"}],"curies":[{"name":"wp","href":"https:\/\/api.w.org\/{rel}","templated":true}]}}