{"id":2189,"date":"2025-11-26T10:45:31","date_gmt":"2025-11-26T09:45:31","guid":{"rendered":"https:\/\/practicalsense.net\/?page_id=2189"},"modified":"2025-12-04T11:04:59","modified_gmt":"2025-12-04T10:04:59","slug":"actes-at-50-years-no-3","status":"publish","type":"page","link":"https:\/\/practicalsense.net\/index.php\/actes-at-50-years-no-3\/","title":{"rendered":"Actes at 50 Years"},"content":{"rendered":"\t\t<div data-elementor-type=\"wp-page\" data-elementor-id=\"2189\" class=\"elementor elementor-2189\">\n\t\t\t\t<div class=\"elementor-element elementor-element-09c1fa2 e-flex e-con-boxed e-con e-parent\" data-id=\"09c1fa2\" data-element_type=\"container\">\n\t\t\t\t\t<div class=\"e-con-inner\">\n\t\t\t\t<div class=\"elementor-element elementor-element-87aab9e elementor-widget elementor-widget-text-editor\" data-id=\"87aab9e\" data-element_type=\"widget\" data-widget_type=\"text-editor.default\">\n\t\t\t\t<div class=\"elementor-widget-container\">\n\t\t\t\t\t\t\t\t\t<div><p style=\"font-weight: 400; text-align: center;\"><em><span style=\"color: #9a3936;\">(2025) <\/span><\/em><span style=\"color: #9a3936;\">Actes de la recherche en sciences sociales<\/span><span style=\"color: #9a3936;\">, <\/span><span style=\"color: #9a3936;\">50 ans<\/span><em><span style=\"color: #9a3936;\">, pp. 258-259.<\/span><\/em><\/p><h1 style=\"text-align: center;\"><strong style=\"color: #001248; font-size: 16px;\">Annick Prieur<\/strong><\/h1><\/div>\t\t\t\t\t\t\t\t<\/div>\n\t\t\t\t<\/div>\n\t\t\t\t\t<\/div>\n\t\t\t\t<\/div>\n\t\t<div class=\"elementor-element elementor-element-bf6b21a e-flex e-con-boxed e-con e-parent\" data-id=\"bf6b21a\" data-element_type=\"container\">\n\t\t\t\t\t<div class=\"e-con-inner\">\n\t\t\t\t<div class=\"elementor-element elementor-element-59bdcf0 elementor-widget elementor-widget-image\" data-id=\"59bdcf0\" data-element_type=\"widget\" data-widget_type=\"image.default\">\n\t\t\t\t<div class=\"elementor-widget-container\">\n\t\t\t\t\t\t\t\t\t\t\t\t\t\t\t<img fetchpriority=\"high\" decoding=\"async\" width=\"212\" height=\"300\" src=\"https:\/\/practicalsense.net\/wp-content\/uploads\/2025\/11\/Actes-de-la-recherche-en-sciences-sociales-n-258-259-Cinquante-ans-212x300.jpg\" class=\"attachment-medium size-medium wp-image-2196\" alt=\"\" srcset=\"https:\/\/practicalsense.net\/wp-content\/uploads\/2025\/11\/Actes-de-la-recherche-en-sciences-sociales-n-258-259-Cinquante-ans-212x300.jpg 212w, https:\/\/practicalsense.net\/wp-content\/uploads\/2025\/11\/Actes-de-la-recherche-en-sciences-sociales-n-258-259-Cinquante-ans.jpg 400w\" sizes=\"(max-width: 212px) 100vw, 212px\" \/>\t\t\t\t\t\t\t\t\t\t\t\t\t\t\t<\/div>\n\t\t\t\t<\/div>\n\t\t\t\t\t<\/div>\n\t\t\t\t<\/div>\n\t\t<div class=\"elementor-element elementor-element-9812797 e-flex e-con-boxed e-con e-parent\" data-id=\"9812797\" data-element_type=\"container\">\n\t\t\t\t\t<div class=\"e-con-inner\">\n\t\t\t\t<div class=\"elementor-element elementor-element-dac8ecc elementor-widget elementor-widget-text-editor\" data-id=\"dac8ecc\" data-element_type=\"widget\" data-widget_type=\"text-editor.default\">\n\t\t\t\t<div class=\"elementor-widget-container\">\n\t\t\t\t\t\t\t\t\t<div style=\"text-align: center;\"><span lang=\"EN-GB\" style=\"color: #001248;\">Cover of <i>Actes de la recherche en sciences sociales<\/i> issue 258-259<\/span><\/div>\t\t\t\t\t\t\t\t<\/div>\n\t\t\t\t<\/div>\n\t\t\t\t\t<\/div>\n\t\t\t\t<\/div>\n\t\t<div class=\"elementor-element elementor-element-6a3f6e5 e-flex e-con-boxed e-con e-parent\" data-id=\"6a3f6e5\" data-element_type=\"container\">\n\t\t\t\t\t<div class=\"e-con-inner\">\n\t\t\t\t<div class=\"elementor-element elementor-element-d3794e9 elementor-widget elementor-widget-text-editor\" data-id=\"d3794e9\" data-element_type=\"widget\" data-widget_type=\"text-editor.default\">\n\t\t\t\t<div class=\"elementor-widget-container\">\n\t\t\t\t\t\t\t\t\t<div><p style=\"text-align: justify;\"><span style=\"color: #001248;\">This anniversary issue opens with a quote from Yvette Delsaut, reflecting on her use of an old class photo in which she herself appears. She notes that the sociologist occupies \u201cthe two poles of the analysis: as the observing analyst and as the examined object.\u201d The quote is especially apt, as this commemorative issue is authored by individuals who have themselves contributed to <em>Actes<\/em> over its five-decade history.<\/span><\/p><\/div><p style=\"font-weight: 400; text-align: justify;\"><span style=\"color: #001248;\">Invited to give a review of this issue, it is also a reminder to me, as I have also published in <em>Actes<\/em>. I also saw the backstage of the journal as I was admitted to a desk in Gabrielle Balazs\u2019 office for a period in the middle of the 90s, when she had a key role in the edition of the journal. I can attest that while the journal\u2019s final output was consistently high-quality, the production process was often arduous.<\/span><\/p><p style=\"font-weight: 400; text-align: justify;\"><span style=\"color: #001248;\">Mindful of the dangers of complacency that an anniversary opens up, the editorial committee instead foregrounds the role of journals in the production of social science. They situate <em>Actes<\/em> within the broader transformations of the scientific field. Several articles deal with the production process, and I appreciate their candour.\u00a0<\/span><\/p><p style=\"font-weight: 400; text-align: justify;\"><span style=\"color: #001248;\">Julien Duval revisits <em>Actes\u2019 <\/em>first era under Bourdieu\u2019s leadership, up to 2001. Besides the journal itself, Duval draws on testimonies from key persons involved in the editorial process over these years. He highlights <em>Actes\u2019<\/em> innovations \u2013 in content, composition of authors, writing style, visual presentation, editorial process and much more. One hallmark was its commitment to presenting social science through concrete examples of analysis, often of a very practical nature, reflecting Bourdieu\u2019s epistemological view of knowledge as a practice. Yet it came at a cost. In its early years, the editorial team managed all practical tasks. Citing Boltanski, Duval invokes the notion of intellectual auto-exploitation. There is a sharp contrast between the journal\u2019s ethos as a collective endeavour and the anonymity of the team (except the editor) until 1997, as well as the fact that Bourdieu always had the final word on a paper\u2019s destiny.<\/span><\/p><p style=\"font-weight: 400; text-align: justify;\"><span style=\"color: #001248;\">Anne Bory and Eleonora Elguezabal dig more deeply into the journal\u2019s behind-the-scenes labour, uncovering what I have heard referred to in Scandinavia as \u201cacademic housework\u201d. The term captures its invisible and thankless nature: A work only noticed when neglected. The authors list up the many mundane tasks essential to producing the journal and name those who performed them, offering overdue recognition. Unsurprisingly, most of this labour fell to women. Like domestic work, it also involved a degree of emotional investment &#8211; dedication, solidarity and idealism \u2013 that made long hours and urgency acceptable. After 2002, without Bourdieu\u2019s symbolic capital, the editorial team struggled to recruit authors on short notice. Whether the team\u2019s own commitment waned remains unaddressed.<\/span><\/p><p style=\"font-weight: 400; text-align: justify;\"><span style=\"color: #001248;\">Camille Fran\u00e7ois also remains backstage, offering a compelling study of the journal\u2019s rejection practices between 1983 and 2005. Because evaluation and response to authors were often oral, documentation is incomplete, but revealing. Fran\u00e7ois reminds us that autonomy requires a degree of violence to establish an entrance barrier. Editorial judgments were often harsh, yet the letters, usually signed by Bourdieu, were typically brief, formal, and polite, without mention of the true reasons for the rejection. Fran\u00e7ois contrasts this with the ordinary rejection practices today, also applied by <em>Actes<\/em>, with detailed feedback from several reviewers. I suppose that after Bourdieu\u2019s passing, the legitimacy of rejections required more than simply his powerful signature.<\/span><\/p><p style=\"font-weight: 400; text-align: justify;\"><span style=\"color: #001248;\">Christophe Charle traces the history of the book review <em>Liber,<\/em> published from 1989 to 1998 as a supplement to different European newspapers and journals, including <em>Actes<\/em>. Bourdieu envisioned it as a pan-European platform for international circulation of ideas, independent of state institutions. The financing challenged the project from the outset. The reprint from one journal issue of an ad for Mercedes Benz illustrates the project\u2019s lack of economic sustainability, in a time of transformation of the media sphere. The scope of the journal did not seem well defined, and many readers found it difficult to read.<\/span><\/p><p style=\"font-weight: 400; text-align: justify;\"><span style=\"color: #001248;\">Two articles broaden the lens beyond <em>Actes<\/em> to examine social science publications more generally. Pierre Blavier writes about the proliferation of French social science journals over the past 50 years, questioning its causes and consequences. The initial surge of sociology journals corresponds to the increase in the number of sociologists, but stagnation has led to a crisis of overproduction. Many journals struggle to attract submissions and reviewers. I wonder if there are not also some deeper problems: excessive effort spent on writing and reading trivial texts and a fragmentation of shared references among sociologists. My utopian suggestion is that institutions should stop rewarding publication volume and instead impose emission quotas.<\/span><\/p><p style=\"font-weight: 400; text-align: justify;\"><span style=\"color: #001248;\">With eight authors, the article by Julien Boelaert, Samuel Coavoux, Estelle Delaine, Alta\u00efr Despres, Sibylle Gollac, Narguesse Keyhani, Ad\u00e8le Mommeja and \u00c9tienne Ollion represents <em>Actes\u2019<\/em> tradition of collective work well, all while embracing new methods. Using a Large Language Model, they analyse over 50 000 abstracts from 120 French social science journals to assess the presence of gender as an analytical dimension over the past 25 years. They find a steady, but modest increase. Contrary to popular belief, this rise does not diminish attention to class \u2013 rather, the two dimensions appear mutually reinforcing. The dimension of race\/ethnicity remains, however, marginal.<\/span><\/p><p style=\"font-weight: 400; text-align: justify;\"><span style=\"color: #001248;\">Taken together, these articles compose an anniversary issue that is, true to <em>Actes\u2019<\/em> spirit, both nerdy and edgy: Each piece is grounded in labour intensive, empirical research, with underlying data and analytical process made visible to the readers. In a spirit of forthrightness, we do not only get to witness the backstage of the production of research, but also of the production of a journal. This issue thus contributes to Bourdieu\u2019s quest for disenchanting the space of cultural production: his tools turned to work on one of his own major intellectual ventures. This bodes well for the future.<\/span><\/p>\t\t\t\t\t\t\t\t<\/div>\n\t\t\t\t<\/div>\n\t\t\t\t\t<\/div>\n\t\t\t\t<\/div>\n\t\t\t\t<\/div>\n\t\t","protected":false},"excerpt":{"rendered":"<p>(2025) Actes de la recherche en sciences sociales, 50 ans, pp. 258-259. Annick Prieur Cover of Actes de la recherche en sciences sociales issue 258-259 This anniversary issue opens with [&hellip;]<\/p>\n","protected":false},"author":1,"featured_media":0,"parent":0,"menu_order":0,"comment_status":"closed","ping_status":"closed","template":"","meta":{"_EventAllDay":false,"_EventTimezone":"","_EventStartDate":"","_EventEndDate":"","_EventStartDateUTC":"","_EventEndDateUTC":"","_EventShowMap":false,"_EventShowMapLink":false,"_EventURL":"","_EventCost":"","_EventCostDescription":"","_EventCurrencySymbol":"","_EventCurrencyCode":"","_EventCurrencyPosition":"","_EventDateTimeSeparator":"","_EventTimeRangeSeparator":"","_EventOrganizerID":[],"_EventVenueID":[],"_OrganizerEmail":"","_OrganizerPhone":"","_OrganizerWebsite":"","_VenueAddress":"","_VenueCity":"","_VenueCountry":"","_VenueProvince":"","_VenueState":"","_VenueZip":"","_VenuePhone":"","_VenueURL":"","_VenueStateProvince":"","_VenueLat":"","_VenueLng":"","_VenueShowMap":false,"_VenueShowMapLink":false,"footnotes":""},"class_list":["post-2189","page","type-page","status-publish","hentry"],"_links":{"self":[{"href":"https:\/\/practicalsense.net\/index.php\/wp-json\/wp\/v2\/pages\/2189","targetHints":{"allow":["GET"]}}],"collection":[{"href":"https:\/\/practicalsense.net\/index.php\/wp-json\/wp\/v2\/pages"}],"about":[{"href":"https:\/\/practicalsense.net\/index.php\/wp-json\/wp\/v2\/types\/page"}],"author":[{"embeddable":true,"href":"https:\/\/practicalsense.net\/index.php\/wp-json\/wp\/v2\/users\/1"}],"replies":[{"embeddable":true,"href":"https:\/\/practicalsense.net\/index.php\/wp-json\/wp\/v2\/comments?post=2189"}],"version-history":[{"count":25,"href":"https:\/\/practicalsense.net\/index.php\/wp-json\/wp\/v2\/pages\/2189\/revisions"}],"predecessor-version":[{"id":2652,"href":"https:\/\/practicalsense.net\/index.php\/wp-json\/wp\/v2\/pages\/2189\/revisions\/2652"}],"wp:attachment":[{"href":"https:\/\/practicalsense.net\/index.php\/wp-json\/wp\/v2\/media?parent=2189"}],"curies":[{"name":"wp","href":"https:\/\/api.w.org\/{rel}","templated":true}]}}