{"id":707,"date":"2025-04-02T11:13:00","date_gmt":"2025-04-02T09:13:00","guid":{"rendered":"https:\/\/practicalsense.net\/?page_id=707"},"modified":"2025-12-01T15:28:15","modified_gmt":"2025-12-01T14:28:15","slug":"707-2","status":"publish","type":"page","link":"https:\/\/practicalsense.net\/index.php\/issue-no-1\/707-2\/","title":{"rendered":"Bourdieu For All Tastes"},"content":{"rendered":"\t\t<div data-elementor-type=\"wp-page\" data-elementor-id=\"707\" class=\"elementor elementor-707\">\n\t\t\t\t<div class=\"elementor-element elementor-element-dac85ef e-flex e-con-boxed e-con e-parent\" data-id=\"dac85ef\" data-element_type=\"container\">\n\t\t\t\t\t<div class=\"e-con-inner\">\n\t\t\t\t<div class=\"elementor-element elementor-element-12e5b41f elementor-widget elementor-widget-text-editor\" data-id=\"12e5b41f\" data-element_type=\"widget\" data-widget_type=\"text-editor.default\">\n\t\t\t\t<div class=\"elementor-widget-container\">\n\t\t\t\t\t\t\t\t\t\n<p class=\"has-text-align-center has-text-color has-link-color wp-elements-53e54e2c1453a658fdefc3c4770d76e0\" style=\"color: #740000;\"><span style=\"color: #9a3936;\">Garcia Jr., A., Garcia-Parpet, M., P\u00e9rez, A., Poupeau, F. and Rocha, M. (eds.) (2023) <em>Bourdieu et les Am\u00e9riques. Une internationale scientifique : gen\u00e8se, pratiques et programmes de recherche<\/em>. Aubervilliers : \u00c9ditions de l\u2019IHEAL.<\/span><\/p>\n\n<p>\u00a0<\/p>\n\n<p class=\"has-text-align-center has-text-color has-link-color wp-elements-07b1cdd098a21abecb05601de6fa1330\" style=\"color: #001248;\"><strong>Carolina Pulici<\/strong><\/p>\n\n<p>\u00a0<\/p>\n\n<p class=\"has-text-align-center has-text-color has-link-color wp-elements-2d896d5a4e27509b2571c1dda91b8007\" style=\"color: #001248; text-align: justify;\">The study day held at the <em>Institut des Hautes \u00c9tudes de l&#8217;Am\u00e9rique Latine<\/em> in 2019 resulted in a collective work that brings together seventeen varied contributions (research articles, testimonials, interviews) to explore the transatlantic circulation of Pierre Bourdieu&#8217;s ideas and his exchanges with researchers across the American continent. It aims to shed light on the social, intellectual, and political conditions that facilitated these cooperations by examining the roles played by mediators, universities, funding agencies, and publishing houses on both sides of the Atlantic.<\/p>\n\n<p class=\"has-text-align-center has-text-color has-link-color wp-elements-be4fd3b47544ede92de6924e654ff6bf\" style=\"color: #001248; text-align: justify;\"><br \/>The book shows, among other things, the diverse ways in which Bourdieu&#8217;s work was integrated into the social sciences across different American countries. For example, while Brazil\u2019s reception of Bourdieu anticipated his international recognition, <em>La Distinction<\/em> (1979) was not published there until 2007, even though the global impact of this book would eventually unify the reception of his work on the continent, which had previously been fragmented across fields such as anthropology, education, and culture. In Mexico, Argentina, and Brazil, <em>Le m\u00e9tier de sociologue<\/em> (1968) was the key reference during the 1970s and 1980s, as its epistemological contributions became vital in Chile after the dictatorial period (1973-1990). In Bolivia, in contrast, Bourdieu&#8217;s political interventions in the 1990s attracted more attention, with the political rather than scientific impact<br \/>being predominant throughout the Andes. Interestingly, in Argentina, he was considered \u201ctoo Weberian&#8221; and &#8220;not Marxist enough,&#8221; whereas in the USA and Canada, he was often presented as a &#8220;neo-Marxist.&#8221;<\/p>\n\n<p class=\"has-text-align-center has-text-color has-link-color wp-elements-a3d3451814cc4d17c996a99d7e529acc\" style=\"color: #001248; text-align: justify;\"><br \/>The chapters also highlight the unequal influence of Bourdieu&#8217;s work across North and South America. In Brazil, the discovery of his work in the 1970s and 1980s significantly reoriented research directions, albeit initially within peripheral universities. In contrast, there was no comparable &#8220;Bourdieusian turn&#8221; in English-speaking Canada, where his work remained only marginally referenced in scientific articles even by the mid-2000s.<\/p>\n\n<p class=\"has-text-align-center has-text-color has-link-color wp-elements-dcc1a75ac54a31bdb1d0be25fa229d17\" style=\"color: #001248; text-align: justify;\"><br \/>Asymmetries between the various countries participating in this \u201cscientific international\u201d are another focal point of the book. The dominant position of the United States as a &#8220;scientific fortress to be conquered&#8221; is evidenced by Bourdieu&#8217;s visits there and the publication of nine American authors (out of 59) in the <em>Le sens commun<\/em> collection. In contrast, despite his extensive and warm exchanges with Argentina and Brazil, Bourdieu never visited these countries and invited only one South American<br \/>scholar \u2014 Argentine linguist Luis Jorge Prieto \u2014 to publish in the prestigious collection he directed at <em>\u00c9ditions de Minuit<\/em>.<\/p>\n\n<p class=\"has-text-align-center has-text-color has-link-color wp-elements-e9570262323d89e010252fddf00973b3\" style=\"color: #001248; text-align: justify;\"><br \/>Some contributors argue that Bourdieu was more focused on exporting his work rather than fostering a dynamic of shared knowledge production. However, others assert that mediators on the American continent benefited from this import, which became a subject of contention within the field of national social sciences, with the transfer of symbolic capital from Bourdieu, who was increasingly devoted to the international stage, to those who translated, selected and presented his work.<\/p>\n\n<p class=\"has-text-align-center has-text-color has-link-color wp-elements-f96de34453e388e08cd068a398616b2a\" style=\"color: #001248; text-align: justify;\"><br \/>The study of the transnational networks forged by Bourdieu and the researchers at the <em>Centre de Sociologie Europ\u00e9enne<\/em> is also rich in debate on the conditions necessary for the generalization of sociological issues and the universalization of research programs. Thus, <em>Bourdieu et les Am\u00e9riques<\/em> goes beyond analyzing the formation of a &#8220;scientific international&#8221; around Bourdieu and his team; it also provokes broader reflections on the internationalization of the social sciences and, by the same token, the social conditions underpinning the circulation of scientific ideas in the contemporary era.<\/p>\n\t\t\t\t\t\t\t\t<\/div>\n\t\t\t\t<\/div>\n\t\t\t\t\t<\/div>\n\t\t\t\t<\/div>\n\t\t\t\t<\/div>\n\t\t","protected":false},"excerpt":{"rendered":"<p>Garcia Jr., A., Garcia-Parpet, M., P\u00e9rez, A., Poupeau, F. and Rocha, M. (eds.) (2023) Bourdieu et les Am\u00e9riques. Une internationale scientifique : gen\u00e8se, pratiques et programmes de recherche. Aubervilliers : [&hellip;]<\/p>\n","protected":false},"author":1,"featured_media":0,"parent":545,"menu_order":0,"comment_status":"closed","ping_status":"closed","template":"","meta":{"_EventAllDay":false,"_EventTimezone":"","_EventStartDate":"","_EventEndDate":"","_EventStartDateUTC":"","_EventEndDateUTC":"","_EventShowMap":false,"_EventShowMapLink":false,"_EventURL":"","_EventCost":"","_EventCostDescription":"","_EventCurrencySymbol":"","_EventCurrencyCode":"","_EventCurrencyPosition":"","_EventDateTimeSeparator":"","_EventTimeRangeSeparator":"","_EventOrganizerID":[],"_EventVenueID":[],"_OrganizerEmail":"","_OrganizerPhone":"","_OrganizerWebsite":"","_VenueAddress":"","_VenueCity":"","_VenueCountry":"","_VenueProvince":"","_VenueState":"","_VenueZip":"","_VenuePhone":"","_VenueURL":"","_VenueStateProvince":"","_VenueLat":"","_VenueLng":"","_VenueShowMap":false,"_VenueShowMapLink":false,"footnotes":""},"class_list":["post-707","page","type-page","status-publish","hentry"],"_links":{"self":[{"href":"https:\/\/practicalsense.net\/index.php\/wp-json\/wp\/v2\/pages\/707","targetHints":{"allow":["GET"]}}],"collection":[{"href":"https:\/\/practicalsense.net\/index.php\/wp-json\/wp\/v2\/pages"}],"about":[{"href":"https:\/\/practicalsense.net\/index.php\/wp-json\/wp\/v2\/types\/page"}],"author":[{"embeddable":true,"href":"https:\/\/practicalsense.net\/index.php\/wp-json\/wp\/v2\/users\/1"}],"replies":[{"embeddable":true,"href":"https:\/\/practicalsense.net\/index.php\/wp-json\/wp\/v2\/comments?post=707"}],"version-history":[{"count":19,"href":"https:\/\/practicalsense.net\/index.php\/wp-json\/wp\/v2\/pages\/707\/revisions"}],"predecessor-version":[{"id":2480,"href":"https:\/\/practicalsense.net\/index.php\/wp-json\/wp\/v2\/pages\/707\/revisions\/2480"}],"up":[{"embeddable":true,"href":"https:\/\/practicalsense.net\/index.php\/wp-json\/wp\/v2\/pages\/545"}],"wp:attachment":[{"href":"https:\/\/practicalsense.net\/index.php\/wp-json\/wp\/v2\/media?parent=707"}],"curies":[{"name":"wp","href":"https:\/\/api.w.org\/{rel}","templated":true}]}}

<div data-elementor-type="wp-page" data-elementor-id="707" class="elementor elementor-707">
				<div class="elementor-element elementor-element-dac85ef e-flex e-con-boxed e-con e-parent" data-id="dac85ef" data-element_type="container">
					<div class="e-con-inner">
				<div class="elementor-element elementor-element-12e5b41f elementor-widget elementor-widget-text-editor" data-id="12e5b41f" data-element_type="widget" data-widget_type="text-editor.default">
				<div class="elementor-widget-container">
									
<p class="has-text-align-center has-text-color has-link-color wp-elements-53e54e2c1453a658fdefc3c4770d76e0" style="color: #740000;"><span style="color: #9a3936;">Garcia Jr., A., Garcia-Parpet, M., Pérez, A., Poupeau, F. and Rocha, M. (eds.) (2023) <em>Bourdieu et les Amériques. Une internationale scientifique : genèse, pratiques et programmes de recherche</em>. Aubervilliers : Éditions de l’IHEAL.</span></p>

<p> </p>

<p class="has-text-align-center has-text-color has-link-color wp-elements-07b1cdd098a21abecb05601de6fa1330" style="color: #001248;"><strong>Carolina Pulici</strong></p>

<p> </p>

<p class="has-text-align-center has-text-color has-link-color wp-elements-2d896d5a4e27509b2571c1dda91b8007" style="color: #001248; text-align: justify;">The study day held at the <em>Institut des Hautes Études de l&#8217;Amérique Latine</em> in 2019 resulted in a collective work that brings together seventeen varied contributions (research articles, testimonials, interviews) to explore the transatlantic circulation of Pierre Bourdieu&#8217;s ideas and his exchanges with researchers across the American continent. It aims to shed light on the social, intellectual, and political conditions that facilitated these cooperations by examining the roles played by mediators, universities, funding agencies, and publishing houses on both sides of the Atlantic.</p>

<p class="has-text-align-center has-text-color has-link-color wp-elements-be4fd3b47544ede92de6924e654ff6bf" style="color: #001248; text-align: justify;"><br />The book shows, among other things, the diverse ways in which Bourdieu&#8217;s work was integrated into the social sciences across different American countries. For example, while Brazil’s reception of Bourdieu anticipated his international recognition, <em>La Distinction</em> (1979) was not published there until 2007, even though the global impact of this book would eventually unify the reception of his work on the continent, which had previously been fragmented across fields such as anthropology, education, and culture. In Mexico, Argentina, and Brazil, <em>Le métier de sociologue</em> (1968) was the key reference during the 1970s and 1980s, as its epistemological contributions became vital in Chile after the dictatorial period (1973-1990). In Bolivia, in contrast, Bourdieu&#8217;s political interventions in the 1990s attracted more attention, with the political rather than scientific impact<br />being predominant throughout the Andes. Interestingly, in Argentina, he was considered “too Weberian&#8221; and &#8220;not Marxist enough,&#8221; whereas in the USA and Canada, he was often presented as a &#8220;neo-Marxist.&#8221;</p>

<p class="has-text-align-center has-text-color has-link-color wp-elements-a3d3451814cc4d17c996a99d7e529acc" style="color: #001248; text-align: justify;"><br />The chapters also highlight the unequal influence of Bourdieu&#8217;s work across North and South America. In Brazil, the discovery of his work in the 1970s and 1980s significantly reoriented research directions, albeit initially within peripheral universities. In contrast, there was no comparable &#8220;Bourdieusian turn&#8221; in English-speaking Canada, where his work remained only marginally referenced in scientific articles even by the mid-2000s.</p>

<p class="has-text-align-center has-text-color has-link-color wp-elements-dcc1a75ac54a31bdb1d0be25fa229d17" style="color: #001248; text-align: justify;"><br />Asymmetries between the various countries participating in this “scientific international” are another focal point of the book. The dominant position of the United States as a &#8220;scientific fortress to be conquered&#8221; is evidenced by Bourdieu&#8217;s visits there and the publication of nine American authors (out of 59) in the <em>Le sens commun</em> collection. In contrast, despite his extensive and warm exchanges with Argentina and Brazil, Bourdieu never visited these countries and invited only one South American<br />scholar — Argentine linguist Luis Jorge Prieto — to publish in the prestigious collection he directed at <em>Éditions de Minuit</em>.</p>

<p class="has-text-align-center has-text-color has-link-color wp-elements-e9570262323d89e010252fddf00973b3" style="color: #001248; text-align: justify;"><br />Some contributors argue that Bourdieu was more focused on exporting his work rather than fostering a dynamic of shared knowledge production. However, others assert that mediators on the American continent benefited from this import, which became a subject of contention within the field of national social sciences, with the transfer of symbolic capital from Bourdieu, who was increasingly devoted to the international stage, to those who translated, selected and presented his work.</p>

<p class="has-text-align-center has-text-color has-link-color wp-elements-f96de34453e388e08cd068a398616b2a" style="color: #001248; text-align: justify;"><br />The study of the transnational networks forged by Bourdieu and the researchers at the <em>Centre de Sociologie Européenne</em> is also rich in debate on the conditions necessary for the generalization of sociological issues and the universalization of research programs. Thus, <em>Bourdieu et les Amériques</em> goes beyond analyzing the formation of a &#8220;scientific international&#8221; around Bourdieu and his team; it also provokes broader reflections on the internationalization of the social sciences and, by the same token, the social conditions underpinning the circulation of scientific ideas in the contemporary era.</p>
								</div>
				</div>
					</div>
				</div>
				</div>

<p>Garcia Jr., A., Garcia-Parpet, M., Pérez, A., Poupeau, F. and Rocha, M. (eds.) (2023) Bourdieu et les Amériques. Une internationale scientifique : genèse, pratiques et programmes de recherche. Aubervilliers : [&hellip;]</p>
